{"id":2,"date":"2022-11-11T16:32:50","date_gmt":"2022-11-11T16:32:50","guid":{"rendered":"http:\/\/ludemin.com\/?page_id=2"},"modified":"2024-11-09T13:31:27","modified_gmt":"2024-11-09T13:31:27","slug":"about-me","status":"publish","type":"page","link":"https:\/\/ludemin.com\/index.php\/about-me\/","title":{"rendered":"About me"},"content":{"rendered":"\t\t<div data-elementor-type=\"wp-page\" data-elementor-id=\"2\" class=\"elementor elementor-2\">\n\t\t\t\t\t\t<section class=\"elementor-section elementor-top-section elementor-element elementor-element-fabb60b elementor-section-boxed elementor-section-height-default elementor-section-height-default\" data-id=\"fabb60b\" data-element_type=\"section\">\n\t\t\t\t\t\t<div class=\"elementor-container elementor-column-gap-default\">\n\t\t\t\t\t<div class=\"elementor-column elementor-col-100 elementor-top-column elementor-element elementor-element-2bd30ae\" data-id=\"2bd30ae\" data-element_type=\"column\">\n\t\t\t<div class=\"elementor-widget-wrap elementor-element-populated\">\n\t\t\t\t\t\t<div class=\"elementor-element elementor-element-34e17a9 elementor-widget elementor-widget-heading\" data-id=\"34e17a9\" data-element_type=\"widget\" data-widget_type=\"heading.default\">\n\t\t\t\t<div class=\"elementor-widget-container\">\n\t\t\t<style>\/*! elementor - v3.19.0 - 29-01-2024 *\/\n.elementor-heading-title{padding:0;margin:0;line-height:1}.elementor-widget-heading .elementor-heading-title[class*=elementor-size-]>a{color:inherit;font-size:inherit;line-height:inherit}.elementor-widget-heading .elementor-heading-title.elementor-size-small{font-size:15px}.elementor-widget-heading .elementor-heading-title.elementor-size-medium{font-size:19px}.elementor-widget-heading .elementor-heading-title.elementor-size-large{font-size:29px}.elementor-widget-heading .elementor-heading-title.elementor-size-xl{font-size:39px}.elementor-widget-heading .elementor-heading-title.elementor-size-xxl{font-size:59px}<\/style><h2 class=\"elementor-heading-title elementor-size-default\">my cv<\/h2>\t\t<\/div>\n\t\t\t\t<\/div>\n\t\t\t\t\t<\/div>\n\t\t<\/div>\n\t\t\t\t\t<\/div>\n\t\t<\/section>\n\t\t\t\t<section class=\"elementor-section elementor-top-section elementor-element elementor-element-1262b88 elementor-section-boxed elementor-section-height-default elementor-section-height-default\" data-id=\"1262b88\" data-element_type=\"section\">\n\t\t\t\t\t\t<div class=\"elementor-container elementor-column-gap-default\">\n\t\t\t\t\t<div class=\"elementor-column elementor-col-100 elementor-top-column elementor-element elementor-element-f445d9d\" data-id=\"f445d9d\" data-element_type=\"column\">\n\t\t\t<div class=\"elementor-widget-wrap elementor-element-populated\">\n\t\t\t\t\t\t<div class=\"elementor-element elementor-element-b673881 elementor-widget elementor-widget-image\" data-id=\"b673881\" data-element_type=\"widget\" data-widget_type=\"image.default\">\n\t\t\t\t<div class=\"elementor-widget-container\">\n\t\t\t<style>\/*! elementor - v3.19.0 - 29-01-2024 *\/\n.elementor-widget-image{text-align:center}.elementor-widget-image a{display:inline-block}.elementor-widget-image a img[src$=\".svg\"]{width:48px}.elementor-widget-image img{vertical-align:middle;display:inline-block}<\/style>\t\t\t\t\t\t\t\t\t\t<img fetchpriority=\"high\" decoding=\"async\" width=\"724\" height=\"1024\" src=\"https:\/\/ludemin.com\/wp-content\/uploads\/2024\/11\/CV-LUCIA-DE-LA-TORRE-esp-724x1024.png\" class=\"attachment-large size-large wp-image-1187\" alt=\"\" srcset=\"https:\/\/ludemin.com\/wp-content\/uploads\/2024\/11\/CV-LUCIA-DE-LA-TORRE-esp-724x1024.png 724w, https:\/\/ludemin.com\/wp-content\/uploads\/2024\/11\/CV-LUCIA-DE-LA-TORRE-esp-212x300.png 212w, https:\/\/ludemin.com\/wp-content\/uploads\/2024\/11\/CV-LUCIA-DE-LA-TORRE-esp-768x1086.png 768w, https:\/\/ludemin.com\/wp-content\/uploads\/2024\/11\/CV-LUCIA-DE-LA-TORRE-esp-1086x1536.png 1086w, https:\/\/ludemin.com\/wp-content\/uploads\/2024\/11\/CV-LUCIA-DE-LA-TORRE-esp.png 1414w\" sizes=\"(max-width: 724px) 100vw, 724px\" \/>\t\t\t\t\t\t\t\t\t\t\t\t\t<\/div>\n\t\t\t\t<\/div>\n\t\t\t\t\t<\/div>\n\t\t<\/div>\n\t\t\t\t\t<\/div>\n\t\t<\/section>\n\t\t\t\t<section class=\"elementor-section elementor-top-section elementor-element elementor-element-a4e8912 elementor-section-boxed elementor-section-height-default elementor-section-height-default\" data-id=\"a4e8912\" data-element_type=\"section\">\n\t\t\t\t\t\t<div class=\"elementor-container elementor-column-gap-default\">\n\t\t\t\t\t<div class=\"elementor-column elementor-col-33 elementor-top-column elementor-element elementor-element-32fcbe0\" data-id=\"32fcbe0\" data-element_type=\"column\">\n\t\t\t<div class=\"elementor-widget-wrap elementor-element-populated\">\n\t\t\t\t\t\t<div class=\"elementor-element elementor-element-cf38191 elementor-widget elementor-widget-image\" data-id=\"cf38191\" data-element_type=\"widget\" data-widget_type=\"image.default\">\n\t\t\t\t<div class=\"elementor-widget-container\">\n\t\t\t\t\t\t\t\t\t\t\t\t\t<img decoding=\"async\" width=\"768\" height=\"1024\" src=\"https:\/\/ludemin.com\/wp-content\/uploads\/2024\/02\/IMG_2269-768x1024.jpg\" class=\"attachment-large size-large wp-image-1067\" alt=\"\" srcset=\"https:\/\/ludemin.com\/wp-content\/uploads\/2024\/02\/IMG_2269-768x1024.jpg 768w, https:\/\/ludemin.com\/wp-content\/uploads\/2024\/02\/IMG_2269-225x300.jpg 225w, https:\/\/ludemin.com\/wp-content\/uploads\/2024\/02\/IMG_2269-1152x1536.jpg 1152w, https:\/\/ludemin.com\/wp-content\/uploads\/2024\/02\/IMG_2269-1536x2048.jpg 1536w, https:\/\/ludemin.com\/wp-content\/uploads\/2024\/02\/IMG_2269-scaled.jpg 1920w\" sizes=\"(max-width: 768px) 100vw, 768px\" \/>\t\t\t\t\t\t\t\t\t\t\t\t\t<\/div>\n\t\t\t\t<\/div>\n\t\t\t\t<div class=\"elementor-element elementor-element-c2dc109 elementor-widget elementor-widget-image\" data-id=\"c2dc109\" data-element_type=\"widget\" data-widget_type=\"image.default\">\n\t\t\t\t<div class=\"elementor-widget-container\">\n\t\t\t\t\t\t\t\t\t\t\t\t\t<img decoding=\"async\" width=\"819\" height=\"1024\" src=\"https:\/\/ludemin.com\/wp-content\/uploads\/2024\/02\/hey-its-me-lu-2-819x1024.jpg\" class=\"attachment-large size-large wp-image-1071\" alt=\"\" srcset=\"https:\/\/ludemin.com\/wp-content\/uploads\/2024\/02\/hey-its-me-lu-2-819x1024.jpg 819w, https:\/\/ludemin.com\/wp-content\/uploads\/2024\/02\/hey-its-me-lu-2-240x300.jpg 240w, https:\/\/ludemin.com\/wp-content\/uploads\/2024\/02\/hey-its-me-lu-2-768x960.jpg 768w, https:\/\/ludemin.com\/wp-content\/uploads\/2024\/02\/hey-its-me-lu-2-1229x1536.jpg 1229w, https:\/\/ludemin.com\/wp-content\/uploads\/2024\/02\/hey-its-me-lu-2.jpg 1440w\" sizes=\"(max-width: 819px) 100vw, 819px\" \/>\t\t\t\t\t\t\t\t\t\t\t\t\t<\/div>\n\t\t\t\t<\/div>\n\t\t\t\t\t<\/div>\n\t\t<\/div>\n\t\t\t\t<div class=\"elementor-column elementor-col-66 elementor-top-column elementor-element elementor-element-ec62050\" data-id=\"ec62050\" data-element_type=\"column\">\n\t\t\t<div class=\"elementor-widget-wrap elementor-element-populated\">\n\t\t\t\t\t\t<div class=\"elementor-element elementor-element-e331c42 elementor-widget elementor-widget-text-editor\" data-id=\"e331c42\" data-element_type=\"widget\" data-widget_type=\"text-editor.default\">\n\t\t\t\t<div class=\"elementor-widget-container\">\n\t\t\t<style>\/*! elementor - v3.19.0 - 29-01-2024 *\/\n.elementor-widget-text-editor.elementor-drop-cap-view-stacked .elementor-drop-cap{background-color:#69727d;color:#fff}.elementor-widget-text-editor.elementor-drop-cap-view-framed .elementor-drop-cap{color:#69727d;border:3px solid;background-color:transparent}.elementor-widget-text-editor:not(.elementor-drop-cap-view-default) .elementor-drop-cap{margin-top:8px}.elementor-widget-text-editor:not(.elementor-drop-cap-view-default) .elementor-drop-cap-letter{width:1em;height:1em}.elementor-widget-text-editor .elementor-drop-cap{float:left;text-align:center;line-height:1;font-size:50px}.elementor-widget-text-editor .elementor-drop-cap-letter{display:inline-block}<\/style>\t\t\t\t<p>Lucia de la Torre is an andalusian illustrator, born in C\u00e1diz (1998).\u00a0Graduated in Fine Arts in the University of Seville (2021), and a Master&#8217;s degree in Illustration in Granada.<\/p><p>Her work features an abundance of landscape drawings and interesting characters with a lot of story behind them.\u00a0<\/p><p>Her goal is to illustrate books that inspire people from all ages. And show the world the history of different places she travels to. She always carry a sketchbook with some ink pens in her bag, because there will be something she needs to draw, even in the middle of the street.<\/p><p>Her work is a mix of traditional and digital techniques. Her\u00a0 traditional tools are graphite, ink pens, gouache, watercolors and acrylic. And for digital works, use the iPad Air (2019) and the XP-Pen Artist 22R Pro Professional Graphics Display, using Procreate and Clip Studio Paint.<\/p><p><strong>[ESP]<\/strong><\/p><p>Luc\u00eda de la Torre es una ilustradora andaluza, nacida en C\u00e1diz. Se gradu\u00f3 en Bellas Artes en la Universidad de Sevilla (2021), y un m\u00e1ster de Ilustraci\u00f3n en Granada.<\/p><p>Su trabajo presenta una gran cantidad de dibujos de paisajes y personajes interesantes con mucha historia detr\u00e1s.<\/p><p>Su objetivo es ilustrar libros que inspiren a personas de todas las edades. Y mostrar al mundo la historia de los diferentes lugares a los que viaja. Siempre lleva un cuaderno de bocetos con algunos bol\u00edgrafos de tinta en su bolso, porque habr\u00e1 algo que necesite dibujar, incluso en medio de la calle.<\/p><p>Su trabajo es una mezcla de t\u00e9cnicas tradicionales y digitales. Sus herramientas tradicionales son el grafito, los bol\u00edgrafos de tinta, el gouache, las acuarelas y el acr\u00edlico. Y para trabajos digitales, use el iPad Air (2019) y la pantalla gr\u00e1fica profesional XP-Pen Artist 22R Pro, usando Procreate y Clip Studio Paint.<\/p>\t\t\t\t\t\t<\/div>\n\t\t\t\t<\/div>\n\t\t\t\t\t<\/div>\n\t\t<\/div>\n\t\t\t\t\t<\/div>\n\t\t<\/section>\n\t\t\t\t<section class=\"elementor-section elementor-top-section elementor-element elementor-element-a211352 elementor-section-boxed elementor-section-height-default elementor-section-height-default\" data-id=\"a211352\" data-element_type=\"section\">\n\t\t\t\t\t\t<div class=\"elementor-container elementor-column-gap-default\">\n\t\t\t\t\t<div class=\"elementor-column elementor-col-50 elementor-top-column elementor-element elementor-element-49b5dc0\" data-id=\"49b5dc0\" data-element_type=\"column\">\n\t\t\t<div class=\"elementor-widget-wrap elementor-element-populated\">\n\t\t\t\t\t\t<div class=\"elementor-element elementor-element-54d2587 elementor-widget elementor-widget-video\" data-id=\"54d2587\" data-element_type=\"widget\" data-settings=\"{&quot;youtube_url&quot;:&quot;https:\\\/\\\/youtu.be\\\/NSwf-CAREi0?si=gOUiDy9-1CuMq9Xu&quot;,&quot;video_type&quot;:&quot;youtube&quot;,&quot;controls&quot;:&quot;yes&quot;}\" data-widget_type=\"video.default\">\n\t\t\t\t<div class=\"elementor-widget-container\">\n\t\t\t<style>\/*! elementor - v3.19.0 - 29-01-2024 *\/\n.elementor-widget-video .elementor-widget-container{overflow:hidden;transform:translateZ(0)}.elementor-widget-video .elementor-wrapper{aspect-ratio:var(--video-aspect-ratio)}.elementor-widget-video .elementor-wrapper iframe,.elementor-widget-video .elementor-wrapper video{height:100%;width:100%;display:flex;border:none;background-color:#000}@supports not (aspect-ratio:1\/1){.elementor-widget-video .elementor-wrapper{position:relative;overflow:hidden;height:0;padding-bottom:calc(100% \/ var(--video-aspect-ratio))}.elementor-widget-video .elementor-wrapper iframe,.elementor-widget-video .elementor-wrapper video{position:absolute;top:0;right:0;bottom:0;left:0}}.elementor-widget-video .elementor-open-inline .elementor-custom-embed-image-overlay{position:absolute;top:0;right:0;bottom:0;left:0;background-size:cover;background-position:50%}.elementor-widget-video .elementor-custom-embed-image-overlay{cursor:pointer;text-align:center}.elementor-widget-video .elementor-custom-embed-image-overlay:hover .elementor-custom-embed-play i{opacity:1}.elementor-widget-video .elementor-custom-embed-image-overlay img{display:block;width:100%;aspect-ratio:var(--video-aspect-ratio);-o-object-fit:cover;object-fit:cover;-o-object-position:center center;object-position:center center}@supports not (aspect-ratio:1\/1){.elementor-widget-video .elementor-custom-embed-image-overlay{position:relative;overflow:hidden;height:0;padding-bottom:calc(100% \/ var(--video-aspect-ratio))}.elementor-widget-video .elementor-custom-embed-image-overlay img{position:absolute;top:0;right:0;bottom:0;left:0}}.elementor-widget-video .e-hosted-video .elementor-video{-o-object-fit:cover;object-fit:cover}.e-con-inner>.elementor-widget-video,.e-con>.elementor-widget-video{width:var(--container-widget-width);--flex-grow:var(--container-widget-flex-grow)}<\/style>\t\t<div class=\"elementor-wrapper elementor-open-inline\">\n\t\t\t<div class=\"elementor-video\"><\/div>\t\t<\/div>\n\t\t\t\t<\/div>\n\t\t\t\t<\/div>\n\t\t\t\t\t<\/div>\n\t\t<\/div>\n\t\t\t\t<div class=\"elementor-column elementor-col-50 elementor-top-column elementor-element elementor-element-d86b311\" data-id=\"d86b311\" data-element_type=\"column\">\n\t\t\t<div class=\"elementor-widget-wrap elementor-element-populated\">\n\t\t\t\t\t\t<div class=\"elementor-element elementor-element-640ae48 elementor-widget elementor-widget-video\" data-id=\"640ae48\" data-element_type=\"widget\" data-settings=\"{&quot;youtube_url&quot;:&quot;https:\\\/\\\/www.youtube.com\\\/watch?v=srjYiKOZlAY&amp;t=22s&quot;,&quot;video_type&quot;:&quot;youtube&quot;,&quot;controls&quot;:&quot;yes&quot;}\" data-widget_type=\"video.default\">\n\t\t\t\t<div class=\"elementor-widget-container\">\n\t\t\t\t\t<div class=\"elementor-wrapper elementor-open-inline\">\n\t\t\t<div class=\"elementor-video\"><\/div>\t\t<\/div>\n\t\t\t\t<\/div>\n\t\t\t\t<\/div>\n\t\t\t\t\t<\/div>\n\t\t<\/div>\n\t\t\t\t\t<\/div>\n\t\t<\/section>\n\t\t\t\t<\/div>\n\t\t","protected":false},"excerpt":{"rendered":"<p>my cv Lucia de la Torre is an andalusian illustrator, born in C\u00e1diz (1998).\u00a0Graduated in Fine Arts in the University of Seville (2021), and a Master&#8217;s degree in Illustration in Granada. Her work features an abundance of landscape drawings and interesting characters with a lot of story behind them.\u00a0 Her goal is to illustrate books&hellip;&nbsp;<a href=\"https:\/\/ludemin.com\/index.php\/about-me\/\" class=\"\" rel=\"bookmark\">Leer m\u00e1s &raquo;<span class=\"screen-reader-text\">About me<\/span><\/a><\/p>\n","protected":false},"author":1,"featured_media":0,"parent":0,"menu_order":0,"comment_status":"closed","ping_status":"closed","template":"","meta":{"neve_meta_sidebar":"","neve_meta_container":"","neve_meta_enable_content_width":"","neve_meta_content_width":0,"neve_meta_title_alignment":"","neve_meta_author_avatar":"","neve_post_elements_order":"","neve_meta_disable_header":"","neve_meta_disable_footer":"","neve_meta_disable_title":""},"yoast_head":"<!-- This site is optimized with the Yoast SEO plugin v20.7 - https:\/\/yoast.com\/wordpress\/plugins\/seo\/ -->\n<title>About me - Lucia de la Torre<\/title>\n<meta name=\"robots\" content=\"index, follow, max-snippet:-1, max-image-preview:large, max-video-preview:-1\" \/>\n<link rel=\"canonical\" href=\"http:\/\/ludemin.com\/index.php\/about-me\/\" \/>\n<meta property=\"og:locale\" content=\"es_ES\" \/>\n<meta property=\"og:type\" content=\"article\" \/>\n<meta property=\"og:title\" content=\"About me - Lucia de la Torre\" \/>\n<meta property=\"og:description\" content=\"my cv Lucia de la Torre is an andalusian illustrator, born in C\u00e1diz (1998).\u00a0Graduated in Fine Arts in the University of Seville (2021), and a Master&#8217;s degree in Illustration in Granada. Her work features an abundance of landscape drawings and interesting characters with a lot of story behind them.\u00a0 Her goal is to illustrate books&hellip;&nbsp;Leer m\u00e1s &raquo;About me\" \/>\n<meta property=\"og:url\" content=\"http:\/\/ludemin.com\/index.php\/about-me\/\" \/>\n<meta property=\"og:site_name\" content=\"Lucia de la Torre\" \/>\n<meta property=\"article:modified_time\" content=\"2024-11-09T13:31:27+00:00\" \/>\n<meta property=\"og:image\" content=\"http:\/\/ludemin.com\/wp-content\/uploads\/2024\/11\/CV-LUCIA-DE-LA-TORRE-esp-724x1024.png\" \/>\n<meta name=\"twitter:card\" content=\"summary_large_image\" \/>\n<meta name=\"twitter:label1\" content=\"Tiempo de lectura\" \/>\n\t<meta name=\"twitter:data1\" content=\"2 minutos\" \/>\n<script type=\"application\/ld+json\" class=\"yoast-schema-graph\">{\"@context\":\"https:\/\/schema.org\",\"@graph\":[{\"@type\":\"WebPage\",\"@id\":\"http:\/\/ludemin.com\/index.php\/about-me\/\",\"url\":\"http:\/\/ludemin.com\/index.php\/about-me\/\",\"name\":\"About me - Lucia de la Torre\",\"isPartOf\":{\"@id\":\"https:\/\/ludemin.com\/#website\"},\"datePublished\":\"2022-11-11T16:32:50+00:00\",\"dateModified\":\"2024-11-09T13:31:27+00:00\",\"breadcrumb\":{\"@id\":\"http:\/\/ludemin.com\/index.php\/about-me\/#breadcrumb\"},\"inLanguage\":\"es\",\"potentialAction\":[{\"@type\":\"ReadAction\",\"target\":[\"http:\/\/ludemin.com\/index.php\/about-me\/\"]}]},{\"@type\":\"BreadcrumbList\",\"@id\":\"http:\/\/ludemin.com\/index.php\/about-me\/#breadcrumb\",\"itemListElement\":[{\"@type\":\"ListItem\",\"position\":1,\"name\":\"Portada\",\"item\":\"https:\/\/ludemin.com\/\"},{\"@type\":\"ListItem\",\"position\":2,\"name\":\"About me\"}]},{\"@type\":\"WebSite\",\"@id\":\"https:\/\/ludemin.com\/#website\",\"url\":\"https:\/\/ludemin.com\/\",\"name\":\"Lucia de la Torre\",\"description\":\"2D Artist \/Vis Dev\",\"potentialAction\":[{\"@type\":\"SearchAction\",\"target\":{\"@type\":\"EntryPoint\",\"urlTemplate\":\"https:\/\/ludemin.com\/?s={search_term_string}\"},\"query-input\":\"required name=search_term_string\"}],\"inLanguage\":\"es\"}]}<\/script>\n<!-- \/ Yoast SEO plugin. -->","yoast_head_json":{"title":"About me - Lucia de la Torre","robots":{"index":"index","follow":"follow","max-snippet":"max-snippet:-1","max-image-preview":"max-image-preview:large","max-video-preview":"max-video-preview:-1"},"canonical":"http:\/\/ludemin.com\/index.php\/about-me\/","og_locale":"es_ES","og_type":"article","og_title":"About me - Lucia de la Torre","og_description":"my cv Lucia de la Torre is an andalusian illustrator, born in C\u00e1diz (1998).\u00a0Graduated in Fine Arts in the University of Seville (2021), and a Master&#8217;s degree in Illustration in Granada. Her work features an abundance of landscape drawings and interesting characters with a lot of story behind them.\u00a0 Her goal is to illustrate books&hellip;&nbsp;Leer m\u00e1s &raquo;About me","og_url":"http:\/\/ludemin.com\/index.php\/about-me\/","og_site_name":"Lucia de la Torre","article_modified_time":"2024-11-09T13:31:27+00:00","og_image":[{"url":"http:\/\/ludemin.com\/wp-content\/uploads\/2024\/11\/CV-LUCIA-DE-LA-TORRE-esp-724x1024.png"}],"twitter_card":"summary_large_image","twitter_misc":{"Tiempo de lectura":"2 minutos"},"schema":{"@context":"https:\/\/schema.org","@graph":[{"@type":"WebPage","@id":"http:\/\/ludemin.com\/index.php\/about-me\/","url":"http:\/\/ludemin.com\/index.php\/about-me\/","name":"About me - Lucia de la Torre","isPartOf":{"@id":"https:\/\/ludemin.com\/#website"},"datePublished":"2022-11-11T16:32:50+00:00","dateModified":"2024-11-09T13:31:27+00:00","breadcrumb":{"@id":"http:\/\/ludemin.com\/index.php\/about-me\/#breadcrumb"},"inLanguage":"es","potentialAction":[{"@type":"ReadAction","target":["http:\/\/ludemin.com\/index.php\/about-me\/"]}]},{"@type":"BreadcrumbList","@id":"http:\/\/ludemin.com\/index.php\/about-me\/#breadcrumb","itemListElement":[{"@type":"ListItem","position":1,"name":"Portada","item":"https:\/\/ludemin.com\/"},{"@type":"ListItem","position":2,"name":"About me"}]},{"@type":"WebSite","@id":"https:\/\/ludemin.com\/#website","url":"https:\/\/ludemin.com\/","name":"Lucia de la Torre","description":"2D Artist \/Vis Dev","potentialAction":[{"@type":"SearchAction","target":{"@type":"EntryPoint","urlTemplate":"https:\/\/ludemin.com\/?s={search_term_string}"},"query-input":"required name=search_term_string"}],"inLanguage":"es"}]}},"_links":{"self":[{"href":"https:\/\/ludemin.com\/index.php\/wp-json\/wp\/v2\/pages\/2"}],"collection":[{"href":"https:\/\/ludemin.com\/index.php\/wp-json\/wp\/v2\/pages"}],"about":[{"href":"https:\/\/ludemin.com\/index.php\/wp-json\/wp\/v2\/types\/page"}],"author":[{"embeddable":true,"href":"https:\/\/ludemin.com\/index.php\/wp-json\/wp\/v2\/users\/1"}],"replies":[{"embeddable":true,"href":"https:\/\/ludemin.com\/index.php\/wp-json\/wp\/v2\/comments?post=2"}],"version-history":[{"count":73,"href":"https:\/\/ludemin.com\/index.php\/wp-json\/wp\/v2\/pages\/2\/revisions"}],"predecessor-version":[{"id":1190,"href":"https:\/\/ludemin.com\/index.php\/wp-json\/wp\/v2\/pages\/2\/revisions\/1190"}],"wp:attachment":[{"href":"https:\/\/ludemin.com\/index.php\/wp-json\/wp\/v2\/media?parent=2"}],"curies":[{"name":"wp","href":"https:\/\/api.w.org\/{rel}","templated":true}]}}